{"id":36,"date":"2014-11-06T16:33:26","date_gmt":"2014-11-06T15:33:26","guid":{"rendered":"http:\/\/deklauwverzorger.nl\/?page_id=36"},"modified":"2014-11-07T17:56:51","modified_gmt":"2014-11-07T16:56:51","slug":"kuh-pedikure","status":"publish","type":"page","link":"https:\/\/deklauwverzorger.nl\/?page_id=36","title":{"rendered":"Kuh-Pedik\u00fcre"},"content":{"rendered":"<p>[rev_slider slider]<\/p>\n<p>&nbsp;<br \/>\nDer Klauenpfleger <strong>Frank van Lierop<\/strong> , ist ein bew\u00e4hrtes, auf Kuh-Pedik\u00fcre spezialisierter Betrieb. Das Klauenschneiden bei Ihren K\u00fchen erfolgt in einer modernen tiergerechten Klauenpflegebox. Es ist wichtig, dass die Klauen Ihrer K\u00fche mindestens zweimal j\u00e4hrlich vorbeugend geschnitten werden.Dies im Interesse des Wohlbefindens der Tiere, der Dauerhaftigkeit, der Kosteneinsparung f\u00fcr Sie auf Dauer und Ihrer Arbeitsfreude. Klauenprobleme bilden einen gro\u00dfen Kostenposten auf einem Milchviehbetrieb und sind auch noch immer einer der Hauptgr\u00fcnde f\u00fcr einen vorzeitigen Abgang der K\u00fche.<\/p>\n<p>F\u00fcr die Behandlung Ihrer Rinder, ein unverbindliches Orientierungsgespr\u00e4ch oder wenn Sie mit unserem Betrieb Bekanntschaft machen m\u00f6chten, vereinbaren wir gerne einen Termin mit Ihnen. In dringenden F\u00e4llen k\u00f6nnen Sie jederzeit Kontakt aufnehmen. Nach der Behandlung aller K\u00fche wird alles gereinigt und gr\u00fcndlich desinfiziert. Nach jeder Behandlung erfolgt eine Evaluierung und Beratung zur Klauengesundheit. Auf Wunsch k\u00f6nnen Sie nach einer Behandlung sofort eine Vereinbarung f\u00fcr eine folgende Behandlung treffen. So sind Ihnen Kontinuit\u00e4t und eine Grundlage f\u00fcr gute Betriebsergebnisse und eine nachhaltige Betriebsf\u00fchrung gew\u00e4hrleistet.<\/p>\n<p>Trotz der von Ihnen besonders zur Winterzeit getroffenen Ma\u00dfnahmen, um die Klauengesundheit der K\u00fche aufrechtzuerhalten, zeigt sich, dass vor allem die Infektionen innerhalb von 10 Jahren stark zugenommen sind.<strong> Frank van Lierop De Klauwverzorger<\/strong> setzt sich zum Ziel, \u00a0die medizinischen Kosten Ihres \u201cBetriebskapitals\u201d bis zu 30 % zu senken und das Wohlbefinden der Tiere zu f\u00f6rdern und die Milchproduktion, Ihren Umsatz zu steigern.<\/p>\n<p>Eine gute, von einem anerkannten Klauenpfleger ausgef\u00fchrte Klauenpflege, ist daher von essenzieller Bedeutung. Mit der richtigen Vorgehensweise, holen Sie sich einen Gewinn auf dem Gebiet der Klauengesundheit. Wenn Sie mindestens zweimal im Jahr eine Klauenbehandlung f\u00fcr das Milchvieh einplanen, k\u00f6nnen Sie einen Unkostenvorteil bis zu 30 % erzielen.<\/p>\n<p>F\u00fcr ein unverbindliches Angebot oder Orientierungsgespr\u00e4ch k\u00f6nnen Sie jederzeit\u00a0<a href=\"http:\/\/deklauwverzorger.nl\/index.php\/contact\">Kontact<\/a>\u00a0mit mir aufnehmen!<\/p>\n","protected":false},"excerpt":{"rendered":"<p>[rev_slider slider] &nbsp; Der Klauenpfleger Frank van Lierop , ist ein bew\u00e4hrtes, auf Kuh-Pedik\u00fcre spezialisierter Betrieb. Das Klauenschneiden bei Ihren K\u00fchen erfolgt in einer modernen [&hellip;]<\/p>\n","protected":false},"author":1,"featured_media":20,"parent":0,"menu_order":0,"comment_status":"closed","ping_status":"closed","template":"","meta":{"footnotes":""},"class_list":["post-36","page","type-page","status-publish","has-post-thumbnail","hentry"],"_links":{"self":[{"href":"https:\/\/deklauwverzorger.nl\/index.php?rest_route=\/wp\/v2\/pages\/36","targetHints":{"allow":["GET"]}}],"collection":[{"href":"https:\/\/deklauwverzorger.nl\/index.php?rest_route=\/wp\/v2\/pages"}],"about":[{"href":"https:\/\/deklauwverzorger.nl\/index.php?rest_route=\/wp\/v2\/types\/page"}],"author":[{"embeddable":true,"href":"https:\/\/deklauwverzorger.nl\/index.php?rest_route=\/wp\/v2\/users\/1"}],"replies":[{"embeddable":true,"href":"https:\/\/deklauwverzorger.nl\/index.php?rest_route=%2Fwp%2Fv2%2Fcomments&post=36"}],"version-history":[{"count":3,"href":"https:\/\/deklauwverzorger.nl\/index.php?rest_route=\/wp\/v2\/pages\/36\/revisions"}],"predecessor-version":[{"id":81,"href":"https:\/\/deklauwverzorger.nl\/index.php?rest_route=\/wp\/v2\/pages\/36\/revisions\/81"}],"wp:featuredmedia":[{"embeddable":true,"href":"https:\/\/deklauwverzorger.nl\/index.php?rest_route=\/wp\/v2\/media\/20"}],"wp:attachment":[{"href":"https:\/\/deklauwverzorger.nl\/index.php?rest_route=%2Fwp%2Fv2%2Fmedia&parent=36"}],"curies":[{"name":"wp","href":"https:\/\/api.w.org\/{rel}","templated":true}]}}